{"id":57,"date":"2024-03-05T12:21:15","date_gmt":"2024-03-05T12:21:15","guid":{"rendered":"https:\/\/liberale-gamer.gg\/?page_id=57"},"modified":"2024-03-05T13:26:13","modified_gmt":"2024-03-05T13:26:13","slug":"grundsaetze","status":"publish","type":"page","link":"https:\/\/liberale-gamer.gg\/?page_id=57","title":{"rendered":"Grunds\u00e4tze"},"content":{"rendered":"\t\t<div data-elementor-type=\"wp-page\" data-elementor-id=\"57\" class=\"elementor elementor-57\">\n\t\t\t\t<div class=\"elementor-element elementor-element-9a9b971 e-flex e-con-boxed e-con e-parent\" data-id=\"9a9b971\" data-element_type=\"container\" data-e-type=\"container\">\n\t\t\t\t\t<div class=\"e-con-inner\">\n\t\t\t\t<div class=\"elementor-element elementor-element-7b01b1d elementor-widget elementor-widget-spacer\" data-id=\"7b01b1d\" data-element_type=\"widget\" data-e-type=\"widget\" data-widget_type=\"spacer.default\">\n\t\t\t\t<div class=\"elementor-widget-container\">\n\t\t\t\t\t\t\t<div class=\"elementor-spacer\">\n\t\t\t<div class=\"elementor-spacer-inner\"><\/div>\n\t\t<\/div>\n\t\t\t\t\t\t<\/div>\n\t\t\t\t<\/div>\n\t\t\t\t<div class=\"elementor-element elementor-element-711e6bc elementor-widget elementor-widget-heading\" data-id=\"711e6bc\" data-element_type=\"widget\" data-e-type=\"widget\" data-widget_type=\"heading.default\">\n\t\t\t\t<div class=\"elementor-widget-container\">\n\t\t\t\t\t<h1 class=\"elementor-heading-title elementor-size-default\">Unsere Grunds\u00e4tze<\/h1>\t\t\t\t<\/div>\n\t\t\t\t<\/div>\n\t\t\t\t<div class=\"elementor-element elementor-element-a4a9c28 elementor-widget elementor-widget-text-editor\" data-id=\"a4a9c28\" data-element_type=\"widget\" data-e-type=\"widget\" data-widget_type=\"text-editor.default\">\n\t\t\t\t<div class=\"elementor-widget-container\">\n\t\t\t\t\t\t\t\t\t<p>Wir sind ein Zusammenschluss von Gamern und eSportlern mit einer freiheitlichen bzw. liberalen Grundeinstellung. Der Verein vertritt Interessen und Rechte von Gamern, eSportlern, dem eSport und der Netz- und Nerdkultur.<\/p><p>Unser Ziel ist es nicht nur eSport zu f\u00f6rdern und selbst zu betreiben, sondern auch \u00fcber die Werte und die Kultur der Videospielszene zu informieren. Dar\u00fcber hinaus sehen wir es als unsere Aufgabe die Interessen der Gaming-, Nerd- und Netzkultur auf politischer Ebene zu vertreten und an die \u00d6ffentlichkeit zu bringen.<\/p><p>Diese Ziele werden wir erreichen, indem wir<\/p><ol><li>eigene eSport-Teams organisieren mit denen wir an eSport-Turnieren teilnehmen,<\/li><li>den eSport durch eigene Turniere und einer Organisationsstruktur (innerverbandlich) f\u00f6rdern,<\/li><li>aufkl\u00e4ren zu eSport und Gaming, unter anderem durch Bildungsangebote und -veranstaltungen und Aufkl\u00e4rungsarbeit durch Medienarbeit und Events unter anderem \u00fcber die Chancen und Risiken der Aus\u00fcbung des eSports und Gaming,<\/li><li>mit anderen Verb\u00e4nden und Organisationen zusammenarbeiten,<\/li><li>f\u00fcr das Ziel einer Gleichstellungsentwicklung zum klassischen Sport streiten,<\/li><li>uns in den politischen Diskurs einmischen,<\/li><li>Einfluss in liberalen Organisationen gewinnen,<\/li><li>in der \u00d6ffentlichkeit Aufmerksamkeit erregen.<\/li><\/ol><p>Im Mittelpunkt sowohl unseres politischen, als auch unseres sportlichen Wirkens stehen zu jeder Zeit die Werte <strong>Fairness<\/strong>, <strong>Toleranz<\/strong>, <strong>Weltoffenheit<\/strong> und <strong>Freiheit<\/strong>. Au\u00dferdem bekennen wir uns ausdr\u00fccklich und bedingungslos zur <strong>freiheitlich demokratischen Grundordnung<\/strong> und zu der <strong>allgemeinen Erkl\u00e4rung der Menschenrechte<\/strong>.<\/p><p><br \/>Jeder Mensch, der sich zu den oben genannten Werten bekennt ist bei den Liberalen Gamern willkommen. Eine Mitgliedschaft in einer Organisation des liberalen Spektrums ist f\u00fcr eine Mitgliedschaft bei den Liberalen Gamern nicht notwendig. Ebenso ist die Mitgliedschaft in einer anderen politischen Organisation oder Partei kein Hindernis f\u00fcr eine Mitgliedschaft bei den Liberalen Gamern. Dennoch kann der Vorstand einzelnen Personen die Mitgliedschaft verweigern, wenn er der Meinung ist, dass die Ansichten und \u00dcberzeugungen des Betroffenen nicht mit den Werten der Liberalen Gamer vereinbar sind.<\/p><p>Au\u00dferdem m\u00f6chten wir unsere starke Verbundenheit zu folgenden Organisationen betonen:<\/p><ul><li>game<\/li><li>eSport-Bund Deutschland (ESBD)<\/li><li>Freie Demokratische Partei (FDP)<\/li><li>FDP.Die Liberalen<\/li><li>NEOS<\/li><li>Junge Liberale (JuLis)<\/li><li>Junge liberale NEOS (JUNOS)<\/li><li>Jungfreisinnige Schweiz<\/li><li>Allianz der Liberalen und Demokraten f\u00fcr Europa (ALDE)<\/li><li>Friedrich-Naumann-Stiftung f\u00fcr die Freiheit (FNF)<\/li><li>European Liberal Youth (LYMEC)<\/li><li>Liberale Schwule und Lesben (LiSL)<\/li><li>Liberale Frauen<\/li><li>Liberale Hochschulgruppen (LHG)<\/li><li>LOAD e.V.<\/li><\/ul><p>\u00a0<\/p>\t\t\t\t\t\t\t\t<\/div>\n\t\t\t\t<\/div>\n\t\t\t\t\t<\/div>\n\t\t\t\t<\/div>\n\t\t\t\t<\/div>\n\t\t","protected":false},"excerpt":{"rendered":"<p>Unsere Grunds\u00e4tze Wir sind ein Zusammenschluss von Gamern und eSportlern mit einer freiheitlichen bzw. liberalen Grundeinstellung. Der Verein vertritt Interessen und Rechte von Gamern, eSportlern, dem eSport und der Netz- und Nerdkultur. Unser Ziel ist es nicht nur eSport zu f\u00f6rdern und selbst zu betreiben, sondern auch \u00fcber die Werte und die Kultur der Videospielszene [&hellip;]<\/p>\n","protected":false},"author":2,"featured_media":0,"parent":0,"menu_order":0,"comment_status":"closed","ping_status":"closed","template":"elementor_canvas","meta":{"footnotes":""},"class_list":["post-57","page","type-page","status-publish","hentry"],"yoast_head":"<!-- This site is optimized with the Yoast SEO plugin v27.1.1 - https:\/\/yoast.com\/product\/yoast-seo-wordpress\/ -->\n<title>Grunds\u00e4tze - Liberale Gamer e.V.<\/title>\n<meta name=\"robots\" content=\"index, follow, max-snippet:-1, max-image-preview:large, max-video-preview:-1\" \/>\n<link rel=\"canonical\" href=\"https:\/\/liberale-gamer.gg\/?page_id=57\" \/>\n<meta property=\"og:locale\" content=\"de_DE\" \/>\n<meta property=\"og:type\" content=\"article\" \/>\n<meta property=\"og:title\" content=\"Grunds\u00e4tze - Liberale Gamer e.V.\" \/>\n<meta property=\"og:description\" content=\"Unsere Grunds\u00e4tze Wir sind ein Zusammenschluss von Gamern und eSportlern mit einer freiheitlichen bzw. liberalen Grundeinstellung. Der Verein vertritt Interessen und Rechte von Gamern, eSportlern, dem eSport und der Netz- und Nerdkultur. Unser Ziel ist es nicht nur eSport zu f\u00f6rdern und selbst zu betreiben, sondern auch \u00fcber die Werte und die Kultur der Videospielszene [&hellip;]\" \/>\n<meta property=\"og:url\" content=\"https:\/\/liberale-gamer.gg\/?page_id=57\" \/>\n<meta property=\"og:site_name\" content=\"Liberale Gamer e.V.\" \/>\n<meta property=\"article:modified_time\" content=\"2024-03-05T13:26:13+00:00\" \/>\n<meta name=\"twitter:card\" content=\"summary_large_image\" \/>\n<script type=\"application\/ld+json\" class=\"yoast-schema-graph\">{\"@context\":\"https:\/\/schema.org\",\"@graph\":[{\"@type\":\"WebPage\",\"@id\":\"https:\/\/liberale-gamer.gg\/?page_id=57\",\"url\":\"https:\/\/liberale-gamer.gg\/?page_id=57\",\"name\":\"Grunds\u00e4tze - Liberale Gamer e.V.\",\"isPartOf\":{\"@id\":\"https:\/\/liberale-gamer.gg\/#website\"},\"datePublished\":\"2024-03-05T12:21:15+00:00\",\"dateModified\":\"2024-03-05T13:26:13+00:00\",\"breadcrumb\":{\"@id\":\"https:\/\/liberale-gamer.gg\/?page_id=57#breadcrumb\"},\"inLanguage\":\"de\",\"potentialAction\":[{\"@type\":\"ReadAction\",\"target\":[\"https:\/\/liberale-gamer.gg\/?page_id=57\"]}]},{\"@type\":\"BreadcrumbList\",\"@id\":\"https:\/\/liberale-gamer.gg\/?page_id=57#breadcrumb\",\"itemListElement\":[{\"@type\":\"ListItem\",\"position\":1,\"name\":\"Startseite\",\"item\":\"https:\/\/liberale-gamer.gg\/\"},{\"@type\":\"ListItem\",\"position\":2,\"name\":\"Grunds\u00e4tze\"}]},{\"@type\":\"WebSite\",\"@id\":\"https:\/\/liberale-gamer.gg\/#website\",\"url\":\"https:\/\/liberale-gamer.gg\/\",\"name\":\"Liberale Gamer e.V.\",\"description\":\"Dein Gaming- und eSport-Verein!\",\"publisher\":{\"@id\":\"https:\/\/liberale-gamer.gg\/#organization\"},\"potentialAction\":[{\"@type\":\"SearchAction\",\"target\":{\"@type\":\"EntryPoint\",\"urlTemplate\":\"https:\/\/liberale-gamer.gg\/?s={search_term_string}\"},\"query-input\":{\"@type\":\"PropertyValueSpecification\",\"valueRequired\":true,\"valueName\":\"search_term_string\"}}],\"inLanguage\":\"de\"},{\"@type\":\"Organization\",\"@id\":\"https:\/\/liberale-gamer.gg\/#organization\",\"name\":\"Liberale Gamer e.V.\",\"url\":\"https:\/\/liberale-gamer.gg\/\",\"logo\":{\"@type\":\"ImageObject\",\"inLanguage\":\"de\",\"@id\":\"https:\/\/liberale-gamer.gg\/#\/schema\/logo\/image\/\",\"url\":\"https:\/\/liberale-gamer.gg\/wp-content\/uploads\/2024\/03\/Logo_neu_gross.png\",\"contentUrl\":\"https:\/\/liberale-gamer.gg\/wp-content\/uploads\/2024\/03\/Logo_neu_gross.png\",\"width\":6000,\"height\":6000,\"caption\":\"Liberale Gamer e.V.\"},\"image\":{\"@id\":\"https:\/\/liberale-gamer.gg\/#\/schema\/logo\/image\/\"}}]}<\/script>\n<!-- \/ Yoast SEO plugin. -->","yoast_head_json":{"title":"Grunds\u00e4tze - Liberale Gamer e.V.","robots":{"index":"index","follow":"follow","max-snippet":"max-snippet:-1","max-image-preview":"max-image-preview:large","max-video-preview":"max-video-preview:-1"},"canonical":"https:\/\/liberale-gamer.gg\/?page_id=57","og_locale":"de_DE","og_type":"article","og_title":"Grunds\u00e4tze - Liberale Gamer e.V.","og_description":"Unsere Grunds\u00e4tze Wir sind ein Zusammenschluss von Gamern und eSportlern mit einer freiheitlichen bzw. liberalen Grundeinstellung. Der Verein vertritt Interessen und Rechte von Gamern, eSportlern, dem eSport und der Netz- und Nerdkultur. Unser Ziel ist es nicht nur eSport zu f\u00f6rdern und selbst zu betreiben, sondern auch \u00fcber die Werte und die Kultur der Videospielszene [&hellip;]","og_url":"https:\/\/liberale-gamer.gg\/?page_id=57","og_site_name":"Liberale Gamer e.V.","article_modified_time":"2024-03-05T13:26:13+00:00","twitter_card":"summary_large_image","schema":{"@context":"https:\/\/schema.org","@graph":[{"@type":"WebPage","@id":"https:\/\/liberale-gamer.gg\/?page_id=57","url":"https:\/\/liberale-gamer.gg\/?page_id=57","name":"Grunds\u00e4tze - Liberale Gamer e.V.","isPartOf":{"@id":"https:\/\/liberale-gamer.gg\/#website"},"datePublished":"2024-03-05T12:21:15+00:00","dateModified":"2024-03-05T13:26:13+00:00","breadcrumb":{"@id":"https:\/\/liberale-gamer.gg\/?page_id=57#breadcrumb"},"inLanguage":"de","potentialAction":[{"@type":"ReadAction","target":["https:\/\/liberale-gamer.gg\/?page_id=57"]}]},{"@type":"BreadcrumbList","@id":"https:\/\/liberale-gamer.gg\/?page_id=57#breadcrumb","itemListElement":[{"@type":"ListItem","position":1,"name":"Startseite","item":"https:\/\/liberale-gamer.gg\/"},{"@type":"ListItem","position":2,"name":"Grunds\u00e4tze"}]},{"@type":"WebSite","@id":"https:\/\/liberale-gamer.gg\/#website","url":"https:\/\/liberale-gamer.gg\/","name":"Liberale Gamer e.V.","description":"Dein Gaming- und eSport-Verein!","publisher":{"@id":"https:\/\/liberale-gamer.gg\/#organization"},"potentialAction":[{"@type":"SearchAction","target":{"@type":"EntryPoint","urlTemplate":"https:\/\/liberale-gamer.gg\/?s={search_term_string}"},"query-input":{"@type":"PropertyValueSpecification","valueRequired":true,"valueName":"search_term_string"}}],"inLanguage":"de"},{"@type":"Organization","@id":"https:\/\/liberale-gamer.gg\/#organization","name":"Liberale Gamer e.V.","url":"https:\/\/liberale-gamer.gg\/","logo":{"@type":"ImageObject","inLanguage":"de","@id":"https:\/\/liberale-gamer.gg\/#\/schema\/logo\/image\/","url":"https:\/\/liberale-gamer.gg\/wp-content\/uploads\/2024\/03\/Logo_neu_gross.png","contentUrl":"https:\/\/liberale-gamer.gg\/wp-content\/uploads\/2024\/03\/Logo_neu_gross.png","width":6000,"height":6000,"caption":"Liberale Gamer e.V."},"image":{"@id":"https:\/\/liberale-gamer.gg\/#\/schema\/logo\/image\/"}}]}},"_links":{"self":[{"href":"https:\/\/liberale-gamer.gg\/index.php?rest_route=\/wp\/v2\/pages\/57","targetHints":{"allow":["GET"]}}],"collection":[{"href":"https:\/\/liberale-gamer.gg\/index.php?rest_route=\/wp\/v2\/pages"}],"about":[{"href":"https:\/\/liberale-gamer.gg\/index.php?rest_route=\/wp\/v2\/types\/page"}],"author":[{"embeddable":true,"href":"https:\/\/liberale-gamer.gg\/index.php?rest_route=\/wp\/v2\/users\/2"}],"replies":[{"embeddable":true,"href":"https:\/\/liberale-gamer.gg\/index.php?rest_route=%2Fwp%2Fv2%2Fcomments&post=57"}],"version-history":[{"count":10,"href":"https:\/\/liberale-gamer.gg\/index.php?rest_route=\/wp\/v2\/pages\/57\/revisions"}],"predecessor-version":[{"id":101,"href":"https:\/\/liberale-gamer.gg\/index.php?rest_route=\/wp\/v2\/pages\/57\/revisions\/101"}],"wp:attachment":[{"href":"https:\/\/liberale-gamer.gg\/index.php?rest_route=%2Fwp%2Fv2%2Fmedia&parent=57"}],"curies":[{"name":"wp","href":"https:\/\/api.w.org\/{rel}","templated":true}]}}