{"id":125,"date":"2024-03-17T10:42:05","date_gmt":"2024-03-17T10:42:05","guid":{"rendered":"https:\/\/liberale-gamer.gg\/?page_id=125"},"modified":"2024-03-17T11:53:03","modified_gmt":"2024-03-17T11:53:03","slug":"unsere-geschichte","status":"publish","type":"page","link":"https:\/\/liberale-gamer.gg\/?page_id=125","title":{"rendered":"Unsere Geschichte"},"content":{"rendered":"\t\t<div data-elementor-type=\"wp-page\" data-elementor-id=\"125\" class=\"elementor elementor-125\">\n\t\t\t\t<div class=\"elementor-element elementor-element-139e9a95 e-flex e-con-boxed e-con e-parent\" data-id=\"139e9a95\" data-element_type=\"container\" data-e-type=\"container\">\n\t\t\t\t\t<div class=\"e-con-inner\">\n\t\t\t\t<div class=\"elementor-element elementor-element-41e4e07 elementor-widget elementor-widget-spacer\" data-id=\"41e4e07\" data-element_type=\"widget\" data-e-type=\"widget\" data-widget_type=\"spacer.default\">\n\t\t\t\t<div class=\"elementor-widget-container\">\n\t\t\t\t\t\t\t<div class=\"elementor-spacer\">\n\t\t\t<div class=\"elementor-spacer-inner\"><\/div>\n\t\t<\/div>\n\t\t\t\t\t\t<\/div>\n\t\t\t\t<\/div>\n\t\t\t\t<div class=\"elementor-element elementor-element-09dcfba elementor-widget elementor-widget-page-title\" data-id=\"09dcfba\" data-element_type=\"widget\" data-e-type=\"widget\" data-settings=\"{&quot;align&quot;:&quot;center&quot;}\" data-widget_type=\"page-title.default\">\n\t\t\t\t<div class=\"elementor-widget-container\">\n\t\t\t\t\t\t\t\n\t\t<div class=\"hfe-page-title hfe-page-title-wrapper elementor-widget-heading\">\n\n\t\t\t\t\t\t\t\t\t\t\t<a href=\"https:\/\/liberale-gamer.gg\">\n\t\t\t\t\t\t<h1 class=\"elementor-heading-title elementor-size-default\">\n\t\t\t\t\t\t\t\t\n\t\t\t\tUnsere Geschichte  \n\t\t\t<\/h1 > \n\t\t\t\t\t\t\t\t\t<\/a>\n\t\t\t\t\t<\/div>\n\t\t\t\t\t\t<\/div>\n\t\t\t\t<\/div>\n\t\t\t\t<div class=\"elementor-element elementor-element-4e68b110 elementor-widget__width-initial elementor-widget elementor-widget-text-editor\" data-id=\"4e68b110\" data-element_type=\"widget\" data-e-type=\"widget\" data-widget_type=\"text-editor.default\">\n\t\t\t\t<div class=\"elementor-widget-container\">\n\t\t\t\t\t\t\t\t\t\n<h2>Oktober 2023: Die R\u00fcckkehr<\/h2>\n<p>Alle Wege f\u00fchren nach Rom&#8230; Die LiGa kehrt in die THA zur\u00fcck: Franziska und Florian sind Seminarleiter bei dem Seminar &#8222;Freiheit im Gaming- und was sie bedroht&#8220;. Die LiGa ist Kooperationspartner f\u00fcr die Veranstaltung.<\/p>\n\n<h2 class=\"wp-block-heading\">Mai 2023: LiGa beim #derDCP<\/h2>\n\n<p>Unser Vorsitzende Franziska darf sich als geladener Gast die Verleihung des Deutschen Computerspielpreises am 11.05.2023 angucken.<\/p>\n\n<h2 class=\"wp-block-heading\">September 2022: Die LiGa ist von dem BFA Sport der FDP geladen<\/h2>\n\n<p>Am 17. September 2022 war die LiGa beim Bundesfachausschuss Sport der FDP zu Gast! Mit einem Vortrag zum Thema \u201eE-Sport in der Ampel \u2013 Status Quo und Perspektiven\u201c konnten wir \u00fcber unser Herzensthema sprechen und auch f\u00fcr dessen Belange Interesse wecken!<\/p>\n\n<h2 class=\"wp-block-heading\">Mai 2022: Erste gemeinsame Vereinsfahrt<\/h2>\n\n<p>Die LiGa f\u00e4hrt als erste gemeinsame Vereinsfahrt in ein Bootcamp nach Frankfurt.<\/p>\n\n<h2 class=\"wp-block-heading\">April 2022: Joining e-sport.nrw<\/h2>\n\n<p>Die LiGa joined dem Landesverband f\u00fcr E-Sport Nordrhein-Westfalen e.V. (e-sport.nrw).<\/p>\n\n<h2 class=\"wp-block-heading\">Ab M\u00e4rz 2021: Gr\u00fcndung mehrerer eSport Teams<\/h2>\n\n<p>In unserem ersten eigenen Turnier traten wir mit \u201eLiberale Gamer\u201c an. Dies war ein selbst zusammengefundenes eSport Team, um an dem eigenen Turnier der Liberalen Gamer teilzunehmen. Schnell wollten wir mehr, und so kam es, dass wir Ende Februar ein Try-Out f\u00fcr LoL veranstalteten, um feste, stabile und hochprofessionalisierte Teams zu gr\u00fcnden. Daraus entstand Salty Silver Surfers. Das Team trat bei unserem LoL LiGa Cup #1 an (damals noch unter dem Namen Liberale Gamer). Die Gr\u00fcndung von Exordium folgte. Parallel dazu gr\u00fcndete sich unser Sim Racing Team, welches bei Endurance Racings antritt.<\/p>\n\n<h2 class=\"wp-block-heading\">November 2020: Einf\u00fchrung eines ordentlichen Turnierbetriebs<\/h2>\n\n<p>Seit November richten die Liberalen Gamer eSport Turniere aus. Angefangen hat alles mit dem Black Weekend LoL Tournament, der LoL LiGa Cup #1 folgte. In Zukunft m\u00f6chten wir auch f\u00fcr andere eSport Titel Turniere anbieten.<\/p>\n\n<h2 class=\"wp-block-heading\">Oktober 2019: In das Vereinsregister eingetragen<\/h2>\n\n<p>Seit dem 14.10.2019 sind wir im Vereinsregister eingetragen!<\/p>\n\n<h2 class=\"wp-block-heading\">Januar 2019: Gr\u00fcndungsversammlung<\/h2>\n\n<p>Am 20.01.2019 war es dann soweit. Auf der Gr\u00fcndungsversammlung der Liberalen Gamer wurden der Verein \u201eLiberale Gamer\u201c gegr\u00fcndet. Auf dieser wurde der Vorstand in seinem Amt best\u00e4tigt, au\u00dferdem wurden eine Satzung, ein Konzeptpapier, eine Finanzordnung und eine Gesch\u00e4ftsordnung beschlossen.<\/p>\n\n<h2 class=\"wp-block-heading\">November 2018: Wahl eines gesch\u00e4ftsf\u00fchrenden Vorstands<\/h2>\n\n<p>Am 05.11.2018 kam der Vorschlag auf aus der losen Gruppe \u201eLiberale Gamer\u201c einen Verein zu machen um mehr Struktur und mehr M\u00f6glichkeiten zu bekommen. In einer anschlie\u00dfenden Umfrage sprach sich die Mehrheit daf\u00fcr aus einen Verein zu gr\u00fcnden. Noch am selben Tag meldeten sich die ersten Mitglieder als Vereinsmitglieder an.Am 25.11.2018 fand dann die Wahl des gesch\u00e4ftsf\u00fchrenden Vorstands statt. Dieser k\u00fcmmerte sich dann anschlie\u00dfend um alles, was f\u00fcr die Gr\u00fcndungsversammlung der Liberalen Gamer n\u00f6tig war.<\/p>\n\n<h2 class=\"wp-block-heading\">Herbst 2018: Erste Turnierteilnahmen<\/h2>\n\n<p>Am 23.09.2018 nahm das erste Mal ein Team der Liberalen Gamer an einem Amateur-Turnier der ESL teil. Gespielt wurde Playerunknown\u2019s Battleground (PUBG). Leider wurde die zweite Runde knapp verpasst. Etwas erfolgreicher lief es am 14.10.2019, als ein Team der Liberalen Gamer beim \u201ePUBG Squad Proving Grounds Tournament #21 Europe\u201c der ESL nicht nur ein \u201eChicken Dinner\u201c holen konnte, sondern am Ende auch einen respektablen 6. Platz (von insgesamt 30 Teams) belegte.<\/p>\n\n<h2 class=\"wp-block-heading\">Dezember 2017 \u2013 Jugendpolitisches Forum in der Theodor-Heuss-Akademie:<\/h2>\n\n<p>Am Wochenende vom 01.12.2017 bis zum 03.12.2017 trafen sich junge, liberale Menschen aus ganz Deutschland zum jugendpolitischem Forum (auch \u201ePolitisch Programmatisches Wochenende\u201c, kurz PPW, genannt) in der Theodor-Heuss-Akademie der Friedrich-Naumann-Stiftung f\u00fcr die Freiheit in Gummersbach. Diese Treffen finden mehrmals im Jahr statt und dort wird in unterschiedlichen Arbeitskreisen programmatisch diskutiert und Antr\u00e4ge f\u00fcr die Friedrich-Naumann-Stiftung f\u00fcr die Freiheit zu unterschiedlichen Themen erarbeitet.Der Arbeitskreis \u201eInnen und Recht\u201c besch\u00e4ftigte sich an diesem Wochenende mit dem Thema \u201eMehr als nur zocken? Zukunft des eSports\u201c. Mit dabei waren damals unter anderem Philippe Hintzen und Adrian Zetzschke, welche beide sp\u00e4ter Mitglieder des ersten Vorstands der Liberalen Gamer werden sollten.Neben einem sehr umfangreichen eSport-Antrag, der mittlerweile Bundesbeschlusslage der Jungen Liberalen ist, entstand bei diesem Arbeitskreis die Idee die Gruppe \u201eLiberale Gamer\u201c zu gr\u00fcnden, in der sich Gamer aus dem liberalen Spektrum vernetzen k\u00f6nnen.<\/p>\n\t\t\t\t\t\t\t\t<\/div>\n\t\t\t\t<\/div>\n\t\t\t\t\t<\/div>\n\t\t\t\t<\/div>\n\t\t\t\t<\/div>\n\t\t","protected":false},"excerpt":{"rendered":"<p>Unsere Geschichte Oktober 2023: Die R\u00fcckkehr Alle Wege f\u00fchren nach Rom&#8230; Die LiGa kehrt in die THA zur\u00fcck: Franziska und Florian sind Seminarleiter bei dem Seminar &#8222;Freiheit im Gaming- und was sie bedroht&#8220;. Die LiGa ist Kooperationspartner f\u00fcr die Veranstaltung. Mai 2023: LiGa beim #derDCP Unser Vorsitzende Franziska darf sich als geladener Gast die Verleihung [&hellip;]<\/p>\n","protected":false},"author":2,"featured_media":0,"parent":0,"menu_order":0,"comment_status":"closed","ping_status":"closed","template":"elementor_header_footer","meta":{"footnotes":""},"class_list":["post-125","page","type-page","status-publish","hentry"],"yoast_head":"<!-- This site is optimized with the Yoast SEO plugin v27.1.1 - https:\/\/yoast.com\/product\/yoast-seo-wordpress\/ -->\n<title>Unsere Geschichte - Liberale Gamer e.V.<\/title>\n<meta name=\"robots\" content=\"index, follow, max-snippet:-1, max-image-preview:large, max-video-preview:-1\" \/>\n<link rel=\"canonical\" href=\"https:\/\/liberale-gamer.gg\/?page_id=125\" \/>\n<meta property=\"og:locale\" content=\"de_DE\" \/>\n<meta property=\"og:type\" content=\"article\" \/>\n<meta property=\"og:title\" content=\"Unsere Geschichte - Liberale Gamer e.V.\" \/>\n<meta property=\"og:description\" content=\"Unsere Geschichte Oktober 2023: Die R\u00fcckkehr Alle Wege f\u00fchren nach Rom&#8230; Die LiGa kehrt in die THA zur\u00fcck: Franziska und Florian sind Seminarleiter bei dem Seminar &#8222;Freiheit im Gaming- und was sie bedroht&#8220;. Die LiGa ist Kooperationspartner f\u00fcr die Veranstaltung. Mai 2023: LiGa beim #derDCP Unser Vorsitzende Franziska darf sich als geladener Gast die Verleihung [&hellip;]\" \/>\n<meta property=\"og:url\" content=\"https:\/\/liberale-gamer.gg\/?page_id=125\" \/>\n<meta property=\"og:site_name\" content=\"Liberale Gamer e.V.\" \/>\n<meta property=\"article:modified_time\" content=\"2024-03-17T11:53:03+00:00\" \/>\n<meta name=\"twitter:card\" content=\"summary_large_image\" \/>\n<meta name=\"twitter:label1\" content=\"Gesch\u00e4tzte Lesezeit\" \/>\n\t<meta name=\"twitter:data1\" content=\"4\u00a0Minuten\" \/>\n<script type=\"application\/ld+json\" class=\"yoast-schema-graph\">{\"@context\":\"https:\/\/schema.org\",\"@graph\":[{\"@type\":\"WebPage\",\"@id\":\"https:\/\/liberale-gamer.gg\/?page_id=125\",\"url\":\"https:\/\/liberale-gamer.gg\/?page_id=125\",\"name\":\"Unsere Geschichte - Liberale Gamer e.V.\",\"isPartOf\":{\"@id\":\"https:\/\/liberale-gamer.gg\/#website\"},\"datePublished\":\"2024-03-17T10:42:05+00:00\",\"dateModified\":\"2024-03-17T11:53:03+00:00\",\"breadcrumb\":{\"@id\":\"https:\/\/liberale-gamer.gg\/?page_id=125#breadcrumb\"},\"inLanguage\":\"de\",\"potentialAction\":[{\"@type\":\"ReadAction\",\"target\":[\"https:\/\/liberale-gamer.gg\/?page_id=125\"]}]},{\"@type\":\"BreadcrumbList\",\"@id\":\"https:\/\/liberale-gamer.gg\/?page_id=125#breadcrumb\",\"itemListElement\":[{\"@type\":\"ListItem\",\"position\":1,\"name\":\"Startseite\",\"item\":\"https:\/\/liberale-gamer.gg\/\"},{\"@type\":\"ListItem\",\"position\":2,\"name\":\"Unsere Geschichte\"}]},{\"@type\":\"WebSite\",\"@id\":\"https:\/\/liberale-gamer.gg\/#website\",\"url\":\"https:\/\/liberale-gamer.gg\/\",\"name\":\"Liberale Gamer e.V.\",\"description\":\"Dein Gaming- und eSport-Verein!\",\"publisher\":{\"@id\":\"https:\/\/liberale-gamer.gg\/#organization\"},\"potentialAction\":[{\"@type\":\"SearchAction\",\"target\":{\"@type\":\"EntryPoint\",\"urlTemplate\":\"https:\/\/liberale-gamer.gg\/?s={search_term_string}\"},\"query-input\":{\"@type\":\"PropertyValueSpecification\",\"valueRequired\":true,\"valueName\":\"search_term_string\"}}],\"inLanguage\":\"de\"},{\"@type\":\"Organization\",\"@id\":\"https:\/\/liberale-gamer.gg\/#organization\",\"name\":\"Liberale Gamer e.V.\",\"url\":\"https:\/\/liberale-gamer.gg\/\",\"logo\":{\"@type\":\"ImageObject\",\"inLanguage\":\"de\",\"@id\":\"https:\/\/liberale-gamer.gg\/#\/schema\/logo\/image\/\",\"url\":\"https:\/\/liberale-gamer.gg\/wp-content\/uploads\/2024\/03\/Logo_neu_gross.png\",\"contentUrl\":\"https:\/\/liberale-gamer.gg\/wp-content\/uploads\/2024\/03\/Logo_neu_gross.png\",\"width\":6000,\"height\":6000,\"caption\":\"Liberale Gamer e.V.\"},\"image\":{\"@id\":\"https:\/\/liberale-gamer.gg\/#\/schema\/logo\/image\/\"}}]}<\/script>\n<!-- \/ Yoast SEO plugin. -->","yoast_head_json":{"title":"Unsere Geschichte - Liberale Gamer e.V.","robots":{"index":"index","follow":"follow","max-snippet":"max-snippet:-1","max-image-preview":"max-image-preview:large","max-video-preview":"max-video-preview:-1"},"canonical":"https:\/\/liberale-gamer.gg\/?page_id=125","og_locale":"de_DE","og_type":"article","og_title":"Unsere Geschichte - Liberale Gamer e.V.","og_description":"Unsere Geschichte Oktober 2023: Die R\u00fcckkehr Alle Wege f\u00fchren nach Rom&#8230; Die LiGa kehrt in die THA zur\u00fcck: Franziska und Florian sind Seminarleiter bei dem Seminar &#8222;Freiheit im Gaming- und was sie bedroht&#8220;. Die LiGa ist Kooperationspartner f\u00fcr die Veranstaltung. Mai 2023: LiGa beim #derDCP Unser Vorsitzende Franziska darf sich als geladener Gast die Verleihung [&hellip;]","og_url":"https:\/\/liberale-gamer.gg\/?page_id=125","og_site_name":"Liberale Gamer e.V.","article_modified_time":"2024-03-17T11:53:03+00:00","twitter_card":"summary_large_image","twitter_misc":{"Gesch\u00e4tzte Lesezeit":"4\u00a0Minuten"},"schema":{"@context":"https:\/\/schema.org","@graph":[{"@type":"WebPage","@id":"https:\/\/liberale-gamer.gg\/?page_id=125","url":"https:\/\/liberale-gamer.gg\/?page_id=125","name":"Unsere Geschichte - Liberale Gamer e.V.","isPartOf":{"@id":"https:\/\/liberale-gamer.gg\/#website"},"datePublished":"2024-03-17T10:42:05+00:00","dateModified":"2024-03-17T11:53:03+00:00","breadcrumb":{"@id":"https:\/\/liberale-gamer.gg\/?page_id=125#breadcrumb"},"inLanguage":"de","potentialAction":[{"@type":"ReadAction","target":["https:\/\/liberale-gamer.gg\/?page_id=125"]}]},{"@type":"BreadcrumbList","@id":"https:\/\/liberale-gamer.gg\/?page_id=125#breadcrumb","itemListElement":[{"@type":"ListItem","position":1,"name":"Startseite","item":"https:\/\/liberale-gamer.gg\/"},{"@type":"ListItem","position":2,"name":"Unsere Geschichte"}]},{"@type":"WebSite","@id":"https:\/\/liberale-gamer.gg\/#website","url":"https:\/\/liberale-gamer.gg\/","name":"Liberale Gamer e.V.","description":"Dein Gaming- und eSport-Verein!","publisher":{"@id":"https:\/\/liberale-gamer.gg\/#organization"},"potentialAction":[{"@type":"SearchAction","target":{"@type":"EntryPoint","urlTemplate":"https:\/\/liberale-gamer.gg\/?s={search_term_string}"},"query-input":{"@type":"PropertyValueSpecification","valueRequired":true,"valueName":"search_term_string"}}],"inLanguage":"de"},{"@type":"Organization","@id":"https:\/\/liberale-gamer.gg\/#organization","name":"Liberale Gamer e.V.","url":"https:\/\/liberale-gamer.gg\/","logo":{"@type":"ImageObject","inLanguage":"de","@id":"https:\/\/liberale-gamer.gg\/#\/schema\/logo\/image\/","url":"https:\/\/liberale-gamer.gg\/wp-content\/uploads\/2024\/03\/Logo_neu_gross.png","contentUrl":"https:\/\/liberale-gamer.gg\/wp-content\/uploads\/2024\/03\/Logo_neu_gross.png","width":6000,"height":6000,"caption":"Liberale Gamer e.V."},"image":{"@id":"https:\/\/liberale-gamer.gg\/#\/schema\/logo\/image\/"}}]}},"_links":{"self":[{"href":"https:\/\/liberale-gamer.gg\/index.php?rest_route=\/wp\/v2\/pages\/125","targetHints":{"allow":["GET"]}}],"collection":[{"href":"https:\/\/liberale-gamer.gg\/index.php?rest_route=\/wp\/v2\/pages"}],"about":[{"href":"https:\/\/liberale-gamer.gg\/index.php?rest_route=\/wp\/v2\/types\/page"}],"author":[{"embeddable":true,"href":"https:\/\/liberale-gamer.gg\/index.php?rest_route=\/wp\/v2\/users\/2"}],"replies":[{"embeddable":true,"href":"https:\/\/liberale-gamer.gg\/index.php?rest_route=%2Fwp%2Fv2%2Fcomments&post=125"}],"version-history":[{"count":7,"href":"https:\/\/liberale-gamer.gg\/index.php?rest_route=\/wp\/v2\/pages\/125\/revisions"}],"predecessor-version":[{"id":214,"href":"https:\/\/liberale-gamer.gg\/index.php?rest_route=\/wp\/v2\/pages\/125\/revisions\/214"}],"wp:attachment":[{"href":"https:\/\/liberale-gamer.gg\/index.php?rest_route=%2Fwp%2Fv2%2Fmedia&parent=125"}],"curies":[{"name":"wp","href":"https:\/\/api.w.org\/{rel}","templated":true}]}}